t z be (30/8)/(11/308). What is the highest common divisor of 15 and z?
15
Let x = -22 + 29. Suppose 5*v - 56 = 3*v. Calculate the greatest common factor of x and v.
7
Suppose t = 2*o - 4, 4*t - o = o + 2. What is the greatest common factor of 18 and t?
2
Let p = -5 + 7. Suppose 3*k - p*m - 33 = 0, 0 = -2*k - m + 17 - 2. Calculate the greatest common factor of k and 18.
9
Suppose 3*z - 14 = 7. Let k = 1 + z. What is the highest common divisor of 80 and k?
8
Let n(j) = 7*j**2 + 7*j. Let o be n(-3). Let f be (64/(-24))/((-2)/o). What is the greatest common divisor of 14 and f?
14
Suppose 40 = -2*j + 7*j. What is the highest common factor of 64 and j?
8
Let k be (-39)/(-5) + 4/20. Let a(g) = k + 0*g**2 - 3*g - 4*g - 5*g**2 + 0*g + g**3. Let v be a(6). Calculate the highest common factor of 18 and v.
2
Let a = -21 + 11. Let i be 1*2 + (a - -20). What is the highest common divisor of 24 and i?
12
Let o(q) = q**2 - 3*q + 15. Let s be o(-5). Calculate the greatest common divisor of 22 and s.
11
Suppose 2*u - 5*v = 82, 0 = -u + 4*u + 5*v - 73. Calculate the highest common divisor of 155 and u.
31
Suppose -21*k + 135 = -16*k. Calculate the highest common divisor of k and 162.
27
Let u be 5 + 88 - (-4 - -1). Calculate the greatest common divisor of u and 16.
16
Let b be (-2 - 12/(-9))*-3. Suppose 0 = s + 5, -b*z + 26 = 5*s - 9. What is the highest common divisor of z and 15?
15
Let d = -8 + 12. Suppose -z + 3 = 0, 10 = d*m + 5*z - 65. Suppose -l + 6*l = m. Calculate the greatest common factor of 21 and l.
3
Let h be 45/(-180) + -77*2/(-8). Calculate the greatest common factor of h and 209.
19
Suppose 6 = 6*o - 24. What is the highest common divisor of 2 and o?
1
Let k = -17 - -32. Suppose -10*w - 97 + 247 = 0. What is the highest common divisor of k and w?
15
Let j(t) = 4*t**2 - 27*t + 8. Let y be j(7). Suppose -10 = -2*l + 140. What is the highest common divisor of y and l?
15
Suppose 0 = w + 4*w - 30. Let g(r) = -r**3 + 6*r**2 + r - 4. Let d be g(w). What is the highest common divisor of d and 6?
2
Suppose 3*f + 2*f - 75 = 0. Let b be 87/f + (-3)/(-15). What is the greatest common factor of b and 30?
6
Suppose 5*b = -4*k + 192 + 231, -5*b = -k + 137. Let r be (k - 1) + 2 - 1. Suppose -25 - 23 = -3*y. What is the highest common divisor of r and y?
16
Let k = 4 + -5. Let l be (0 + (k - 0))*1. Let f be 8/10*(l - -26). Calculate the greatest common divisor of 160 and f.
20
Let b(q) = q**3 - 3*q**2 - q + 3. Let p be b(4). Let n = -12 + p. Calculate the greatest common factor of 6 and n.
3
Let u be (-1 - 2)*(-8)/12. Let l be 37/u + 9/(-18). Calculate the highest common factor of l and 2.
2
Suppose 0 = -4*q - 16, 4*j + 6*q = 3*q + 844. Suppose -5*l + j + 276 = 0. What is the greatest common factor of 14 and l?
14
Let a be 206/6 - 3/9. Suppose 5*g - 2*k - a = 2*k, -4*g - 3*k + 21 = 0. Calculate the greatest common divisor of g and 3.
3
Suppose 0 = 4*t + 5*t - 369. What is the highest common divisor of 41 and t?
41
Let y = 56 - 101. Let i be (-10)/y - (-374)/18. Let a(t) = -t**3 + 5*t**2 + t - 2. Let v be a(5). Calculate the highest common factor of v and i.
3
Let p = 18 - 9. What is the highest common divisor of 18 and p?
9
Suppose 0*w + 5*w - 10 = 0, m - 3*w + 9 = 0. Let s be (-2)/6 + (-7)/m. What is the greatest common divisor of s and 3?
1
Let k(a) = -a**2 + 7*a - 6. Let m be k(4). Calculate the greatest common factor of 12 and m.
6
Let n(u) = 0 + 3*u + 2*u + 0. Let b be n(11). Calculate the highest common factor of 22 and b.
11
Let z = -18 - -51. Suppose 5*b + 106 = 371. Let n = -31 + b. Calculate the greatest common factor of n and z.
11
Let a(y) = -5*y + 2. Let p be a(-2). Suppose 16 = 5*m - 4. Suppose 0 = -m*i + 71 + 25. What is the highest common divisor of i and p?
12
Suppose 3*u + 31 = 1. Let i(m) = -2*m - 14. Let s be i(u). Suppose -r = -12 - s. Calculate the greatest common divisor of r and 198.
18
Let y = 116 + -1. What is the greatest common divisor of 46 and y?
23
Let q(n) = -n**2 + 10*n - 7. Let r be q(8). Calculate the highest common divisor of r and 99.
9
Let j = 306 + -453. Let v = j - -273. Calculate the highest common factor of v and 14.
14
Let k be 4/(2 + 2/(-2)). Suppose 0 = 2*d - 4*a - 24, -32 = -k*d + 2*a + 2*a. What is the greatest common factor of d and 8?
4
Suppose -f + 34 = f + 2*z, -3*z - 89 = -4*f. What is the highest common divisor of 180 and f?
20
Suppose -3*y + 15 = 0, 4*y = -5*j + 117 - 22. Let r = 68 + -23. What is the greatest common divisor of j and r?
15
Suppose 0 = 16*o - 503 - 249. Calculate the greatest common divisor of o and 47.
47
Let j be 6/2 - (-6 + -59). What is the greatest common factor of j and 17?
17
Suppose 0 = -2*c + 4*x + 14, -2*c - 2*x = 3*c - 35. Let q(f) = -f**3 - f**2 - f + 1. Let a be q(0). Calculate the greatest common factor of c and a.
1
Let u be 2784/28 - 0 - (-3)/(-7). Suppose 0*o = -5*k - 5*o + 65, 5*k - 45 = 5*o. Calculate the greatest common divisor of u and k.
11
Let b be (-60)/15 - (-42 - 1). Calculate the highest common divisor of b and 156.
39
Let x be 231/15 + (-2)/5. Let z be (11 - 1)*(-2)/(-4). Suppose -5 = -i + z. Calculate the greatest common factor of x and i.
5
Suppose -4*g - 3*w - 243 = 0, -80 = 2*g - w + 39. Let z = g + 170. What is the highest common divisor of 10 and z?
10
Let g(w) = -4*w**3 - 2*w**2 - w - 2. Let p be g(-2). Calculate the greatest common factor of 3 and p.
3
Let b = 144 + -99. Suppose r - 4 = -0. Suppose r*t = -3*i + 3*t + 12, 5*i - 5*t = 40. Calculate the highest common factor of b and i.
5
Let g(m) = m**3 - 5*m**2 - 2. Let k be g(3). Let p = 164 + k. Let x(t) = 4*t**2 + t + 2. Let d be x(-2). What is the greatest common divisor of d and p?
16
Suppose x + 3*u - 178 = 0, -u + 3*u - 506 = -3*x. Let n be 5*(267/15 + 1). Let h = x - n. What is the greatest common factor of 12 and h?
12
Let v be 1234/7 - (-4)/(-14). Calculate the highest common factor of 16 and v.
16
Suppose 2*x - 7 = -1, 21 = 2*y + 3*x. Let a(k) = 2*k**3 - 7*k**2 + 4*k - 4. Let q be a(5). Let u = -61 + q. Calculate the highest common divisor of u and y.
6
Let q = 8 + -4. Suppose -2*u = -q*u + 84. What is the highest common factor of u and 105?
21
Let w(u) = -2*u + 7. Let y be w(7). Let d(o) = -2*o - 1. Let a be d(y). What is the greatest common divisor of 52 and a?
13
Let u = 6 - 2. Suppose u*z + 0*z + 12 = 0. Let c be z/((-3)/(-1))*-15. What is the greatest common factor of 6 and c?
3
Let d(t) = t**2 - 3*t - 6. Let z be d(5). Let j = -3 + -6. Let r = j - -10. What is the greatest common divisor of z and r?
1
Let j(t) = t**3 + 6*t**2 - 10*t. Let d be j(-6). Calculate the highest common factor of d and 6.
6
Let f = 3 + -6. Let u be 2/f + (-862)/(-6). Let c = 5 - -8. Calculate the greatest common factor of c and u.
13
Let f(i) = i - 4. Let g(m) = m**3 + 3*m**2 - 4*m + 5. Let x be g(-4). Let v be f(x). Calculate the greatest common divisor of v and 5.
1
Let y = 49 + -77. Let l = -12 - y. Calculate the greatest common factor of l and 16.
16
Suppose -m - 2 = -6. Calculate the greatest common divisor of m and 12.
4
Let t = 9 - 11. Let p be (-4)/(-3) + t/(-3). Suppose -x = p*x - 18. Calculate the highest common divisor of 4 and x.
2
Suppose -t = -3*m + 9, 0*m - 2*m = -3*t - 20. Let k be (-3)/(2/(40/t)). Let l = 0 + 2. Calculate the highest common factor of k and l.
2
Suppose 2*a = a. Suppose 0 = b - a - 2. Suppose -5*c + 116 = -4*s, 2*c + 4*s - 31 + 7 = 0. Calculate the highest common factor of c and b.
2
Let n(i) = -i**2 - 11*i + 4. Let y be n(-11). Calculate the greatest common divisor of 12 and y.
4
Suppose -5*u + 77 = 27. Calculate the greatest common factor of 6 and u.
2
Let p be ((-12)/5)/((-30)/75). What is the highest common factor of p and 54?
6
Let f be (-3 - (4 - 6))*-264. What is the highest common factor of 24 and f?
24
Suppose -4*b - 4*c = b - 74, -4*c = -3*b + 70. Let f(y) = -4*y**3 + 4*y**2 + 7*y + 3. Let z be f(-3). Calculate the greatest common factor of z and b.
18
Suppose -2*f + 94 = -64. Suppose 3*t = 3*d - 113 - 142, -f = -d - 5*t. Let n = -10 - -31. Calculate the greatest common factor of n and d.
21
Let o = -46 + 68. Let z(b) = 11*b. Let y be z(1). Calculate the greatest common factor of y and o.
11
Let j(u) = u**3 + 12*u**2 - 19*u - 8. Let y be j(-13). What is the highest co